f n.
2, 3, 59
Suppose -216 = -3*s - 4*y, 0*s + 284 = 4*s + 4*y. Let f = -36 + s. What are the prime factors of f?
2
Suppose 0 = f + 2*f - 327. Let u = -80 + f. List the prime factors of u.
29
Suppose 0 = 7*k - 20*k + 3354. Suppose -3*l + 2*t + 151 = 0, 3*t + k = 3*l + 108. List the prime factors of l.
3, 17
Suppose j = -j - 5*d - 4, 0 = -d - 4. Suppose j*r + 37 = 741. List the prime factors of r.
2, 11
Suppose 0 = -14*s + 9*s + 10. Suppose 0 = 2*y + 2*y + l - 28, -s*y = -l - 20. List the prime factors of 2/y*-2*-86.
43
Let o be (-3)/2*-2 - 3. Suppose o = 3*x + x - 112. Let f = x + -17. What are the prime factors of f?
11
Suppose -167857 = -76*j + 78611. What are the prime factors of j?
3, 23, 47
Let v = 11 - 9. Let j(i) = 3 + 9*i + 2*i**v - 8*i**2 + i**3 - 2*i - i**2. List the prime factors of j(6).
3
Let w(i) = 8*i - 1. Let v be w(3). Let y = 303 - v. What are the prime factors of 1/(-2)*y/(-5)?
2, 7
Let q(m) = -4*m + 31. Let v be q(8). What are the prime factors of (16 - 175)*(v - -2)/(-1)?
3, 53
Let o(i) = 188*i - 39. List the prime factors of o(3).
3, 5, 7
Suppose 6*h = 2*h. Suppose h*m = -3*m. Suppose p + 4*p - 18 = -l, m = -5*l + 2*p + 63. List the prime factors of l.
13
List the prime factors of 4/34 + (-14730)/(-510).
29
Let l(g) = -g**3 + 13*g**2 + 7*g - 42. What are the prime factors of l(12)?
2, 3, 31
Suppose -m + 0*m - 12 = 0. Let k = m + 99. Let y = k + -47. List the prime factors of y.
2, 5
List the prime factors of 5*((-3848)/(-28) - (-12)/21).
2, 3, 5, 23
Let w(y) = -2*y**3 + y**2 + y. Let f(v) = v**2 - v. Let q be f(-1). Let t be w(q). List the prime factors of 6/t + 296/10.
29
Let l = 6 + -14. Let u = -4 - l. Let p = 24 + u. What are the prime factors of p?
2, 7
Suppose 37*h = 83880 - 26789. List the prime factors of h.
1543
Suppose 16 = 5*v + 6. Suppose v*z - 112 = -2*q, -274 = -9*q + 4*q - 3*z. List the prime factors of q.
53
Suppose -y = -183 - 235. List the prime factors of y.
2, 11, 19
List the prime factors of (321/5)/(28/140).
3, 107
List the prime factors of (1738/77 - 3/(-7))*19.
19, 23
Suppose 0 = 2*l - 9*h + 6*h - 530, 3*l + 5*h = 814. List the prime factors of l.
2, 67
What are the prime factors of ((-5)/(-10))/((-1)/(-6)) + 77?
2, 5
Let m(c) = c**2 + 10*c - 9. Let f be m(-11). Let t be -5*(f + (-48)/(-15)). Let q = -8 - t. List the prime factors of q.
2, 3
Let k be 6/6 - 0*(-1)/(-1). What are the prime factors of 135*k + 0/(-5)?
3, 5
Let w = 16 + -15. Let h be (w + 0 - 3) + 2. Suppose 3*x - 96 = -h*x. What are the prime factors of x?
2
Let f(o) = o + o**2 + o**2 - 4 + 0*o + 5*o. Let l be f(-4). What are the prime factors of ((-33)/(-3))/(2/l)?
2, 11
What are the prime factors of (-6)/4 - 510/(-4)?
2, 3, 7
Suppose 4*d = -5*f + 9585, 4*d - 9545 = -0*d + 3*f. What are the prime factors of d?
2, 5, 239
Let v(f) = f**2 + f - 2. Let l be v(2). Let y(n) = 3*n**3 - 4*n**2 - 3*n - 2. Let g be y(l). Suppose -j + g = j. List the prime factors of j.
3, 19
Suppose 4 = -3*m + 2*m - 4*p, -4*m + 20 = -2*p. Suppose -3*n - 3*g = -561, 2*g + 756 = m*n - 2*g. Suppose -q - 3*q = -n. List the prime factors of q.
47
Let j = -18 - -15. Let w be (-3)/(j/(-66)*-3). Suppose -w - 2 = -3*s. List the prime factors of s.
2
Let t(l) = l**2 - 3*l - 10. Let f be t(9). Let x = f - -19. Let q = -37 + x. List the prime factors of q.
2, 13
Let o(p) = p**2 - 9*p + 4. Let y be o(9). Let h(a) = a**3 - 4*a**2 - 6*a + 3. Let n be h(y). List the prime factors of 2/(-6) - 595/n.
2, 7
Let r(g) = -3*g - 4 - g**2 + 14 - 2*g + g**3 - 3*g. What are the prime factors of r(5)?
2, 5, 7
Let t = 24 - 1. Suppose 0*l = -2*d + l + t, -26 = -4*d - 2*l. Suppose d*u = 6*u + 39. List the prime factors of u.
13
Suppose 3*r + 21 = 3. Let p be (9/r)/(6/8). Let q = p - -48. What are the prime factors of q?
2, 23
Suppose -23 = 13*i - 166. List the prime factors of i.
11
Let w(v) = v**3 - 6*v**2 + 12*v - 6. Let z be w(5). Let m = 17 + z. Let q = m + -15. List the prime factors of q.
31
Let o(h) = 11*h**2 + 2*h - 1. Let t be ((-4)/(-12))/(8/(-9) + 1). List the prime factors of o(t).
2, 13
Let k(g) = -g**3 - 9*g**2 - 3*g - 9. Let a = 19 - 28. Let b be k(a). Suppose -2*c + c + b = 0. What are the prime factors of c?
2, 3
Suppose -10 = 3*t - 8*t. Suppose -3*m + 2*m + 77 = -4*p, -t*m + 3*p + 139 = 0. Suppose -5*j + m = -5. List the prime factors of j.
2, 7
Suppose -3*f + 971 = -3*z - 403, -1368 = -3*f + z. List the prime factors of f.
5, 7, 13
Suppose -13*h = 35*h - 28752. List the prime factors of h.
599
Let c(o) = -2*o**3 - o**2 + 4*o + 3. Let j be c(-2). Let t(m) = -6*m + 3*m - 3*m + m - j. List the prime factors of t(-3).
2
Suppose 0 = 3*a + 369 + 159. Let n = a - -284. What are the prime factors of n?
2, 3
Suppose -3*r + 191 = -3*i - 5*r, 0 = i + 2*r + 57. Let s = i - -136. What are the prime factors of s?
3, 23
Let u be (-6 - -4359)*(2/2)/3. Suppose 9*a - u = 1159. List the prime factors of a.
2, 5, 29
Suppose 7*p - 368 = 5890. List the prime factors of p.
2, 3, 149
Let o = 22 - 30. What are the prime factors of 291/4 - (-6)/o?
2, 3
Let i(x) = 11*x**2 - 63*x + 27. What are the prime factors of i(16)?
5, 367
Suppose -9 = 4*r - r. List the prime factors of 80 + (-1 - r) + 1.
83
Suppose -10*b = -11*b + 6. Let m(c) = -c**2 + 10*c - 5. Let r be m(b). Let p = 39 - r. List the prime factors of p.
2, 5
Let c = 3 - 1. Suppose -187 = -5*v + 2*v - 2*q, 0 = c*v - q - 134. List the prime factors of v.
5, 13
Let r be 0/(-2) + 5 + -3. Suppose 0 = -0*k - r*k - 4, 5*p - 2*k = 44. Suppose f + 0*f = p. What are the prime factors of f?
2
Suppose 12*n = 22 + 38. Suppose 599 = 5*a - 4*o, -4*o = 3*a - n*o - 365. What are the prime factors of a?
3, 41
Suppose -5*v = -2*i + 969, -7*i + 5*v + 1461 = -4*i. List the prime factors of i.
2, 3, 41
What are the prime factors of ((-4058)/3 + -8)*(-3 - 0)?
2, 13, 157
Suppose 4*n - 4*z + 83 = 9*n, -7 = -n + 4*z. Suppose 0*p + 2*m = 4*p - 14, 0 = m - 3. Suppose t - 3 = -r + n, -87 = -p*t - 4*r. List the prime factors of t.
3, 5
Let n = -19 - -19. Let h(d) = d + 52 + 3*d + d**2 - 3*d. What are the prime factors of h(n)?
2, 13
List the prime factors of (-14 - (-800)/(-15))/(4/(-42)).
7, 101
Suppose 5*j - j = 12. Let c(p) = p + 2. Let d be c(18). Suppose 0 = 5*i - d, -3*g - i = j*i - 85. List the prime factors of g.
23
Let o = -57 - -114. List the prime factors of o.
3, 19
Let z = 3635 - 2450. List the prime factors of z.
3, 5, 79
Suppose -1 = -x + 2, -2*x - 18 = 3*a. What are the prime factors of -4 - (-116)/a*-8?
2, 7
Suppose -43*f = -55*f + 53556. List the prime factors of f.
4463
Let t be 0 + (-1 + 1 - -2). Let g be (5/((-10)/42))/(-3). Suppose -t*q = -g*q + 65. List the prime factors of q.
13
Suppose -5*z - 2*q = -449, -2*z - 4*q + 170 = -0*q. Let a be 1/(-4) - z/(-28). Suppose 0 = a*b - 112 + 28. What are the prime factors of b?
2, 7
Suppose 0 = r - 150 - 21. Let n = -104 + r. List the prime factors of n.
67
Let h = 5497 + -3148. What are the prime factors of h?
3, 29
Suppose 2*i + 3*a = 831, 3*i - 7*a - 1248 = -12*a. List the prime factors of i.
3, 137
Let t be (35/28)/((-4)/(-16)). Suppose 2*l - t*v - 549 = 0, l - 309 = -v - 52. List the prime factors of l.
2, 131
Suppose -5*j + 21 = -9. Let l be 4/j + (-10)/15. Suppose -5*q = -w - 136, 0 = -l*q + 5*q + 3*w - 152. List the prime factors of q.
2, 7
Let j = 947 + 1028. List the prime factors of j.
5, 79
Let k(u) = -25*u - 14. Let v(q) = q**3 + 7*q**2 + 5*q. Let y be v(-6). Let o be k(y). What are the prime factors of -1*(-3)/((-12)/o)?
41
What are the prime factors of 320/30*(3 + (-1089)/(-4))?
2, 367
Suppose 14*g - 41309 = 6529. List the prime factors of g.
3, 17, 67
Let d be (45/(-12))/(3/(-8)). Let l be 5*(35/25 + -1). Suppose o = l*o - d. List the prime factors of o.
2, 5
List the prime factors of (53*(2 - 1))/(3/21).
7, 53
Let j(n) = -n**3 + 14*n**2 - 12*n - 4. Suppose -2*p = -0*p - 26. Let b be j(p). Suppose -5*m = -0*m - 3*d - 68, -b = -m - 4*d. What are the prime factors of m?
13
Suppose g - 4*t = 11, -2*g + 4 = -3*t - 8. Suppose 2*x - 148 = g*j, -x + 5*j = -89 + 29. What are the prime factors of x?
2, 5
Suppose 34013 = -0*x + 43*x. List the prime factors of x.
7, 113
Let a = -3 - -3. Let g(n) = -3*n + 4*n + 15 + a*n. What are the prime factors of g(0)?
3, 5
Let j = 1 - 1. Let h(g) = 36 - g**3 + 20